Let s be (1 - -4)*(0 - 11). Is (-2614)/(-22) - 10/s prime?
False
Let d(n) = 141*n**2 - 2. Is d(3) a composite number?
True
Is (-2 - 121)/(-3)*107 a prime number?
False
Suppose 4*v - 37 = -w, -2*w - 25 = -2*v - v. Let a = v - 5. Suppose 15 + 41 = a*f. Is f prime?
False
Suppose 5*f = 5*h, 0*f - 3*f - 2 = -4*h. Let m be 0 + 1 - 33*h. Let r = m - -96. Is r a composite number?
False
Suppose 0 = 6*f + 682 - 9904. Is f a composite number?
True
Suppose 0 = -4*u + 3 - 27. Let h = 4 - u. Is h a composite number?
True
Is (2303/3)/1 - (-20)/(-30) a prime number?
False
Let d(g) = g**2 + 8*g - 1. Is d(6) a prime number?
True
Suppose 5*t + t = 126. Is t a prime number?
False
Let k(w) = -14*w**2 + 2*w + 2. Let i be k(-2). Let o = i - -22. Is (1 - o)*(-5 + 6) composite?
False
Suppose 2*n - 211 = n. Is n a composite number?
False
Let k(x) = x + 14. Suppose -5*j - 76 = -21. Let z be k(j). Suppose -4*m + z*n = -5*m + 3, 2*m + 5*n - 10 = 0. Is m composite?
True
Suppose -1523 = -3*z - 4*d, d = 5*z - 1484 - 1062. Is z a composite number?
False
Suppose -3*s = -p + 12, -3*p = -2*p + 5*s + 20. Let h be 3/(12/16) + -41. Is h/1*(p + -1) composite?
False
Let t(d) = -d**3 - 6*d**2 - 7*d - 7. Let i be t(-5). Suppose i*n = -0*n + 141. Is n a prime number?
True
Let b be (-5)/((-15)/(-6)) - -2. Suppose 4*k + k + 10 = b. Is (k - 1)/(9/(-138)) composite?
True
Suppose 4*v - 78 = 398. Is v a prime number?
False
Suppose -2 = -5*k + 3. Let p be (-1)/((-15)/(-18) - k). Is (p/(-15))/((-2)/130) a composite number?
True
Let l(t) = 464*t - 2. Let s be l(-2). Let k = -625 - s. Is k composite?
True
Suppose 14*q - 19*q = -6415. Is q a prime number?
True
Let a(n) = -n**3 + 9*n**2 - 9*n - 8. Let u be a(7). Is 6/u - 6695/(-45) prime?
True
Let z be (-1)/3 + 25/3. Suppose -4*v - 20 = -9*v + 5*a, z = 2*v - a. Is v a prime number?
False
Let r be 6/(-4)*10/(-3). Let s(c) = -c**3 + 6*c**2 - 4*c. Let h be s(r). Is ((-34)/2)/((-1)/h) composite?
True
Let t = -1935 + 1026. Let c = -590 - t. Is c a composite number?
True
Let f(t) = 2*t + 10. Let m be f(-5). Suppose -190 = -h - u, u + 1 = -m*u. Is h prime?
True
Let m = -338 - -547. Is m prime?
False
Suppose 0*i + 4*k - 15 = i, -2*i = -3*k + 10. Is (-2 + 1)*(-54 - i) composite?
True
Let i be (2/(-6))/((-2)/12). Let n(x) = -x + 9*x - 3*x + 3*x**i - 1. Is n(-5) composite?
True
Suppose -m + 4 = m. Suppose 0*o = -m*o + 158. Is o prime?
True
Let v = 41 + -17. Is 2/(-4) - (-2148)/v prime?
True
Suppose 2*r - r + 1 = 0. Let l be (0 - 5)*(-4)/5. Is r/l + (-53)/(-4) a prime number?
True
Let l(o) = o**3 - 4*o**2 + 4*o - 5. Let n be l(4). Let z(c) = -c**2 + 9*c - 3. Let v be z(8). Suppose -n = v*i - 76. Is i prime?
True
Let k(y) = y**3 + y**2 + 2*y - 2. Is k(5) composite?
True
Let v = 3 - 6. Is ((-633)/9)/(1/v) composite?
False
Let d = -44 + 335. Suppose u = 4*u - d. Is u a prime number?
True
Let o = 2 + 3. Let v(z) = 2*z**2. Let r(s) = -2*s**2 + s. Let y(n) = o*r(n) + 6*v(n). Is y(-5) a composite number?
True
Let h = 1501 - 1022. Is h composite?
False
Let j(s) = 5585*s + 9. Is j(2) a prime number?
False
Let m(p) = p**3 - 3*p**2 + 5*p - 2. Is m(3) composite?
False
Let s(o) = -18*o + 19. Is s(-8) prime?
True
Suppose 4*r = 2636 - 304. Is r a composite number?
True
Let v be (-8 - -6) + 1*5. Suppose -911 - 202 = -v*z. Is z a prime number?
False
Let x = 2057 + -1422. Is x composite?
True
Suppose -2*f + 0*f - 4 = 0, 0 = -4*v - f + 10. Suppose 3*z + 18 = 4*z + 3*n, 3*n = 4*z + v. Suppose -2*h = z*h - 265. Is h prime?
True
Let y = 1204 - -167. Is y a composite number?
True
Let n(o) = o**3 - 7*o**2 + 3*o - 3. Suppose 2*b - 40 = -3*b - 5*s, 0 = 2*b + 3*s - 16. Is n(b) a prime number?
False
Suppose s - 4*s - 4*v + 26 = 0, 2*s - 24 = 4*v. Is s a prime number?
False
Let q(g) = -5*g**3 - 3*g**2 + 7*g - 6. Is q(-5) composite?
False
Suppose -5*p = -242 - 14043. Is p composite?
False
Suppose -l + 56 = 22. Is l a composite number?
True
Let g(k) = 4*k**2 + 13*k + 9. Let t(v) = v + 6. Let z be t(-14). Is g(z) a prime number?
False
Is (-1)/((-8460)/(-8465) + -1) a composite number?
False
Let y(c) = -c**2 - 2*c + 6. Let w(r) = r**3 - 2*r**2 - 4*r + 13. Let i(v) = -3*w(v) + 7*y(v). Let t be i(2). Let o = t + 43. Is o a composite number?
True
Let s be (-67)/((-48)/(-15) + -3). Let k = -190 - s. Is k composite?
True
Suppose -5 = 5*g - 15. Let n(d) = -d**3 + 8*d**2 - 3*d + 3. Let b be n(4). Suppose 3*c = -g*c + b. Is c composite?
False
Let p = 0 + 5. Suppose -3*h = 2*x - 148, p*x - 347 = h + 3*h. Is x composite?
False
Let k be ((-12)/2 - 1)*10. Let l(d) = -2*d**3 - 17*d**2 + 15*d + 9. Let x be l(-10). Let q = x + k. Is q a prime number?
True
Let d(z) = z**2 + z - 2. Let h be d(-4). Let v(c) = 2*c**2 - 5*c - 11. Is v(h) composite?
False
Let i(z) = 4*z - 148. Let b(f) = -10*f + 370. Let r(y) = 5*b(y) + 12*i(y). Is r(0) composite?
True
Let g(l) = 74*l**2 - 2*l - 29. Is g(-5) prime?
True
Is ((-4 - 1690) + 1)*-1 composite?
False
Suppose 6 + 4 = 5*k. Suppose 3*r - 5*r + 3*t = -12, 8 = -4*r - k*t. Suppose r = -4*p + 2*p + 98. Is p a composite number?
True
Suppose -2*r + 2308 = -0*r. Let z = 1667 - r. Suppose 5*k = 302 + z. Is k composite?
False
Suppose 5*v + 5*b = -0*b + 10, 4*v + 2*b = -2. Let r be 3/((1 - 4)/v). Suppose -5*w - 2*d = -73, -r*d - 13 = -w + 5. Is w composite?
True
Suppose 3*j = 9 - 0, 3*m - 3*j = 2010. Is m prime?
True
Suppose 2*q = 6*q - 4. Let w be 0 + (q - 1) - -3. Suppose -2*n = w*n - 485. Is n a prime number?
True
Let l(m) = 3*m**2 + 3*m - 1. Let b be l(1). Suppose 470 = 4*r - 0*r - 5*i, i - 573 = -b*r. Is r a composite number?
True
Suppose 0 = -5*a - 2*t, -3*t - 3 = 12. Suppose -a*j = -j. Suppose j*s + 3*g = 3*s - 432, g = 4*s - 591. Is s a prime number?
True
Let r = -159 + 282. Is r composite?
True
Let u be 3/6*10/1. Suppose n = -3*n, -3*w - u*n + 1011 = 0. Is w a composite number?
False
Let g be -1 + 73/2*22. Suppose y + 2*y + g = 5*p, -4*p + 628 = y. Suppose -5*b + 2*q + 387 = 0, -4*b + 138 = -5*q - p. Is b a composite number?
False
Let x(a) = -38*a - 73. Is x(-10) prime?
True
Let x = 582 - 133. Is x a composite number?
False
Let b(w) = -w**2 + 6*w + 2. Let a be b(6). Suppose a*z - 8 = -4. Suppose -z*t = 3*t - 265. Is t prime?
True
Let v = -1584 + 6295. Is v composite?
True
Let h be (-1)/(-5) - (-1497)/15. Let w = -47 + h. Is w composite?
False
Is (-44)/(-242) + 34197/11 composite?
False
Let u be -15 + 12 - (-3 + -1). Is (11 + -12)*(u - 120) a composite number?
True
Suppose 0 = 8*g - 13*g + 3935. Is g a prime number?
True
Let t(x) = -12*x**3 + x**2 - 2*x + 1. Suppose 2*b - 4 = -2. Let o be t(b). Let a = 26 + o. Is a a prime number?
False
Suppose 14 = -5*s - 11, 0 = 3*x + 5*s - 128. Is x prime?
False
Suppose 0 = -2*v - 0*v + 4. Suppose -z - 1226 = -3*p, -2*z - z + 821 = v*p. Is p a composite number?
False
Let i(j) = 71*j**2 - 9*j - 11. Let l(f) = 35*f**2 - 4*f - 5. Let c(p) = -3*i(p) + 7*l(p). Let w be c(2). Suppose -w = -5*q - 49. Is q a prime number?
False
Suppose -5*f + 3*z + 23 = z, 5 = 2*f - 5*z. Suppose -f*g = -g - 2836. Is g a prime number?
True
Let p(x) = 210*x**2 + 2*x - 2. Let i be p(2). Let t be i/4 - 4/(-8). Suppose t = v - 0*v. Is v a prime number?
True
Suppose 12 = 2*z + 2*z, 40 = 5*a - 5*z. Suppose a = d - 8. Is d a prime number?
True
Let r(p) = p**3 + 3*p**2 - 5*p - 2. Let y be r(-4). Suppose -2*g = y*g - 44. Is g a composite number?
False
Let x(c) = c**2 - 6*c + 5. Let m be x(6). Suppose 3*g - 38 = -m*b, -8*g = 3*b - 3*g - 10. Suppose -2*v + b + 8 = 0. Is v a composite number?
True
Let s(x) = 3*x**3 - 3*x**2 - 6*x - 5. Let h be s(-5). Let b be (-12)/18 + h/(-3). Suppose 2*n = -n + b. Is n prime?
True
Let y(o) = 18*o**2 - 7*o + 4. Is y(5) prime?
True
Let i(r) be the first derivative of 13*r**2 - r - 3. Is i(3) prime?
False
Suppose -2*y + 0*a = 2*a, 3*y + 25 = 2*a. Is (-260)/(-6) + y/15 composite?
False
Let b(c) = 4*c**2 + 15*c + 23. Is b(10) composite?
True
Suppose 2*q + 3*m - 253 - 164 = 0, -5*q + 1015 = 2*m. Is q a composite number?
True
Let p = 82 - 206. Is (8/16)/((-2)/p) prime?
True
Let i be 1/4 - (-14)/8. Suppose 110 = i*m - 4*v, 3*m - 4*m - v + 43 = 0. Is m a composite number?
False
Let u = 25 - 15. Is 75/2 - (-15)/u composite?
True
Suppose 0 = -6*a + 3*a + 4431. Is a a composite number?
True
Let d(y) = -246*y - 47. Is d(-24) a prime number?
True
Le